{"id":2,"date":"2016-05-10T03:48:21","date_gmt":"2016-05-10T03:48:21","guid":{"rendered":"https:\/\/www.zimmerei-zwoenitz.de\/?page_id=2"},"modified":"2026-01-02T14:45:51","modified_gmt":"2026-01-02T14:45:51","slug":"zimmerei-zwoenitz","status":"publish","type":"page","link":"https:\/\/www.zimmerei-zwoenitz.de\/","title":{"rendered":"Zimmerei Werner \u2013 Meisterbetrieb f\u00fcr Holzbau aus Zw\u00f6nitz im Erzgebirge"},"content":{"rendered":"<p data-start=\"253\" data-end=\"579\">Holz ist f\u00fcr uns mehr als ein Baustoff \u2013 es ist unsere Leidenschaft. Die <strong data-start=\"326\" data-end=\"345\">Zimmerei Werner<\/strong> ist ein erfahrener <strong data-start=\"365\" data-end=\"418\">Zimmerei-Meisterbetrieb aus Zw\u00f6nitz im Erzgebirge<\/strong> und steht f\u00fcr hochwertigen, nachhaltigen Holzbau. Von unserem Standort in Zw\u00f6nitz aus realisieren wir Projekte <strong data-start=\"530\" data-end=\"578\">regional im Erzgebirge sowie deutschlandweit<\/strong>.<\/p>\n<p data-start=\"581\" data-end=\"897\">Unser Leistungsportfolio umfasst den <strong data-start=\"618\" data-end=\"641\">Bau von Dachst\u00fchlen<\/strong>, <strong data-start=\"643\" data-end=\"658\">Holztreppen<\/strong>, <strong data-start=\"660\" data-end=\"672\">Fassaden<\/strong>, <strong data-start=\"674\" data-end=\"686\">Carports<\/strong> und zahlreiche weitere individuelle L\u00f6sungen aus Holz. Von der ersten Planung bis zur fachgerechten Umsetzung begleiten wir jedes Projekt mit handwerklicher Pr\u00e4zision, Zuverl\u00e4ssigkeit und viel Liebe zum Detail.<\/p>\n<p data-start=\"899\" data-end=\"1093\">Als moderner Zimmererbetrieb verbinden wir traditionelle Zimmermannskunst mit zeitgem\u00e4\u00dfer Technik und innovativen Holzbau-L\u00f6sungen \u2013 f\u00fcr langlebige Ergebnisse, die \u00fcberzeugen und Werte schaffen.<\/p>\n<p data-start=\"899\" data-end=\"1093\">Unser Internetauftritt wird zur Zeit neu strukturiert. Es erwartet Sie noch mehr zu unserem Portfolio.<\/p>\n\n\n<p><\/p>\n","protected":false},"excerpt":{"rendered":"<p>Holz ist f\u00fcr uns mehr als ein Baustoff \u2013 es ist unsere Leidenschaft. Die Zimmerei Werner ist ein erfahrener Zimmerei-Meisterbetrieb aus Zw\u00f6nitz im Erzgebirge und steht f\u00fcr hochwertigen, nachhaltigen Holzbau. Von unserem Standort in Zw\u00f6nitz aus realisieren wir Projekte regional im Erzgebirge sowie deutschlandweit. Unser Leistungsportfolio umfasst den Bau von Dachst\u00fchlen, Holztreppen, Fassaden, Carports und [&hellip;]<\/p>\n","protected":false},"author":1,"featured_media":0,"parent":0,"menu_order":0,"comment_status":"closed","ping_status":"open","template":"","meta":{"footnotes":""},"class_list":["post-2","page","type-page","status-publish","hentry"],"yoast_head":"<!-- This site is optimized with the Yoast SEO plugin v26.6 - https:\/\/yoast.com\/wordpress\/plugins\/seo\/ -->\n<title>Zimmerei Werner \u2013 Meisterbetrieb f\u00fcr Holzbau aus Zw\u00f6nitz im Erzgebirge - Zimmerei Werner<\/title>\n<meta name=\"description\" content=\"Zimmerei Werner aus Zw\u00f6nitz \u2013 Meisterbetrieb f\u00fcr Holzbau, Dachst\u00fchle, Treppen, Fassaden &amp; Carports. Regional im Erzgebirge &amp; deutschlandweit t\u00e4tig.\" \/>\n<meta name=\"robots\" content=\"index, follow, max-snippet:-1, max-image-preview:large, max-video-preview:-1\" \/>\n<link rel=\"canonical\" href=\"https:\/\/www.zimmerei-zwoenitz.de\/\" \/>\n<meta property=\"og:locale\" content=\"de_DE\" \/>\n<meta property=\"og:type\" content=\"article\" \/>\n<meta property=\"og:title\" content=\"Zimmerei Werner \u2013 Meisterbetrieb f\u00fcr Holzbau aus Zw\u00f6nitz im Erzgebirge - Zimmerei Werner\" \/>\n<meta property=\"og:description\" content=\"Zimmerei Werner aus Zw\u00f6nitz \u2013 Meisterbetrieb f\u00fcr Holzbau, Dachst\u00fchle, Treppen, Fassaden &amp; Carports. Regional im Erzgebirge &amp; deutschlandweit t\u00e4tig.\" \/>\n<meta property=\"og:url\" content=\"https:\/\/www.zimmerei-zwoenitz.de\/\" \/>\n<meta property=\"og:site_name\" content=\"Zimmerei Werner\" \/>\n<meta property=\"article:modified_time\" content=\"2026-01-02T14:45:51+00:00\" \/>\n<meta name=\"twitter:card\" content=\"summary_large_image\" \/>\n<meta name=\"twitter:label1\" content=\"Gesch\u00e4tzte Lesezeit\" \/>\n\t<meta name=\"twitter:data1\" content=\"1\u00a0Minute\" \/>\n<script type=\"application\/ld+json\" class=\"yoast-schema-graph\">{\"@context\":\"https:\/\/schema.org\",\"@graph\":[{\"@type\":\"WebPage\",\"@id\":\"https:\/\/www.zimmerei-zwoenitz.de\/\",\"url\":\"https:\/\/www.zimmerei-zwoenitz.de\/\",\"name\":\"Zimmerei Werner \u2013 Meisterbetrieb f\u00fcr Holzbau aus Zw\u00f6nitz im Erzgebirge - Zimmerei Werner\",\"isPartOf\":{\"@id\":\"https:\/\/www.zimmerei-zwoenitz.de\/#website\"},\"datePublished\":\"2016-05-10T03:48:21+00:00\",\"dateModified\":\"2026-01-02T14:45:51+00:00\",\"description\":\"Zimmerei Werner aus Zw\u00f6nitz \u2013 Meisterbetrieb f\u00fcr Holzbau, Dachst\u00fchle, Treppen, Fassaden & Carports. Regional im Erzgebirge & deutschlandweit t\u00e4tig.\",\"breadcrumb\":{\"@id\":\"https:\/\/www.zimmerei-zwoenitz.de\/#breadcrumb\"},\"inLanguage\":\"de\",\"potentialAction\":[{\"@type\":\"ReadAction\",\"target\":[\"https:\/\/www.zimmerei-zwoenitz.de\/\"]}]},{\"@type\":\"BreadcrumbList\",\"@id\":\"https:\/\/www.zimmerei-zwoenitz.de\/#breadcrumb\",\"itemListElement\":[{\"@type\":\"ListItem\",\"position\":1,\"name\":\"Start\",\"item\":\"https:\/\/www.zimmerei-zwoenitz.de\/\"},{\"@type\":\"ListItem\",\"position\":2,\"name\":\"Zimmerei Werner \u2013 Meisterbetrieb f\u00fcr Holzbau aus Zw\u00f6nitz im Erzgebirge\"}]},{\"@type\":\"WebSite\",\"@id\":\"https:\/\/www.zimmerei-zwoenitz.de\/#website\",\"url\":\"https:\/\/www.zimmerei-zwoenitz.de\/\",\"name\":\"Zimmerei Werner\",\"description\":\"Echtes Handwerk aus der Region\",\"publisher\":{\"@id\":\"https:\/\/www.zimmerei-zwoenitz.de\/#organization\"},\"potentialAction\":[{\"@type\":\"SearchAction\",\"target\":{\"@type\":\"EntryPoint\",\"urlTemplate\":\"https:\/\/www.zimmerei-zwoenitz.de\/?s={search_term_string}\"},\"query-input\":{\"@type\":\"PropertyValueSpecification\",\"valueRequired\":true,\"valueName\":\"search_term_string\"}}],\"inLanguage\":\"de\"},{\"@type\":\"Organization\",\"@id\":\"https:\/\/www.zimmerei-zwoenitz.de\/#organization\",\"name\":\"Zimmerei Werner\",\"url\":\"https:\/\/www.zimmerei-zwoenitz.de\/\",\"logo\":{\"@type\":\"ImageObject\",\"inLanguage\":\"de\",\"@id\":\"https:\/\/www.zimmerei-zwoenitz.de\/#\/schema\/logo\/image\/\",\"url\":\"https:\/\/www.zimmerei-zwoenitz.de\/wp-content\/uploads\/2026\/01\/cropped-logoSven.png\",\"contentUrl\":\"https:\/\/www.zimmerei-zwoenitz.de\/wp-content\/uploads\/2026\/01\/cropped-logoSven.png\",\"width\":425,\"height\":250,\"caption\":\"Zimmerei Werner\"},\"image\":{\"@id\":\"https:\/\/www.zimmerei-zwoenitz.de\/#\/schema\/logo\/image\/\"}}]}<\/script>\n<!-- \/ Yoast SEO plugin. -->","yoast_head_json":{"title":"Zimmerei Werner \u2013 Meisterbetrieb f\u00fcr Holzbau aus Zw\u00f6nitz im Erzgebirge - Zimmerei Werner","description":"Zimmerei Werner aus Zw\u00f6nitz \u2013 Meisterbetrieb f\u00fcr Holzbau, Dachst\u00fchle, Treppen, Fassaden & Carports. Regional im Erzgebirge & deutschlandweit t\u00e4tig.","robots":{"index":"index","follow":"follow","max-snippet":"max-snippet:-1","max-image-preview":"max-image-preview:large","max-video-preview":"max-video-preview:-1"},"canonical":"https:\/\/www.zimmerei-zwoenitz.de\/","og_locale":"de_DE","og_type":"article","og_title":"Zimmerei Werner \u2013 Meisterbetrieb f\u00fcr Holzbau aus Zw\u00f6nitz im Erzgebirge - Zimmerei Werner","og_description":"Zimmerei Werner aus Zw\u00f6nitz \u2013 Meisterbetrieb f\u00fcr Holzbau, Dachst\u00fchle, Treppen, Fassaden & Carports. Regional im Erzgebirge & deutschlandweit t\u00e4tig.","og_url":"https:\/\/www.zimmerei-zwoenitz.de\/","og_site_name":"Zimmerei Werner","article_modified_time":"2026-01-02T14:45:51+00:00","twitter_card":"summary_large_image","twitter_misc":{"Gesch\u00e4tzte Lesezeit":"1\u00a0Minute"},"schema":{"@context":"https:\/\/schema.org","@graph":[{"@type":"WebPage","@id":"https:\/\/www.zimmerei-zwoenitz.de\/","url":"https:\/\/www.zimmerei-zwoenitz.de\/","name":"Zimmerei Werner \u2013 Meisterbetrieb f\u00fcr Holzbau aus Zw\u00f6nitz im Erzgebirge - Zimmerei Werner","isPartOf":{"@id":"https:\/\/www.zimmerei-zwoenitz.de\/#website"},"datePublished":"2016-05-10T03:48:21+00:00","dateModified":"2026-01-02T14:45:51+00:00","description":"Zimmerei Werner aus Zw\u00f6nitz \u2013 Meisterbetrieb f\u00fcr Holzbau, Dachst\u00fchle, Treppen, Fassaden & Carports. Regional im Erzgebirge & deutschlandweit t\u00e4tig.","breadcrumb":{"@id":"https:\/\/www.zimmerei-zwoenitz.de\/#breadcrumb"},"inLanguage":"de","potentialAction":[{"@type":"ReadAction","target":["https:\/\/www.zimmerei-zwoenitz.de\/"]}]},{"@type":"BreadcrumbList","@id":"https:\/\/www.zimmerei-zwoenitz.de\/#breadcrumb","itemListElement":[{"@type":"ListItem","position":1,"name":"Start","item":"https:\/\/www.zimmerei-zwoenitz.de\/"},{"@type":"ListItem","position":2,"name":"Zimmerei Werner \u2013 Meisterbetrieb f\u00fcr Holzbau aus Zw\u00f6nitz im Erzgebirge"}]},{"@type":"WebSite","@id":"https:\/\/www.zimmerei-zwoenitz.de\/#website","url":"https:\/\/www.zimmerei-zwoenitz.de\/","name":"Zimmerei Werner","description":"Echtes Handwerk aus der Region","publisher":{"@id":"https:\/\/www.zimmerei-zwoenitz.de\/#organization"},"potentialAction":[{"@type":"SearchAction","target":{"@type":"EntryPoint","urlTemplate":"https:\/\/www.zimmerei-zwoenitz.de\/?s={search_term_string}"},"query-input":{"@type":"PropertyValueSpecification","valueRequired":true,"valueName":"search_term_string"}}],"inLanguage":"de"},{"@type":"Organization","@id":"https:\/\/www.zimmerei-zwoenitz.de\/#organization","name":"Zimmerei Werner","url":"https:\/\/www.zimmerei-zwoenitz.de\/","logo":{"@type":"ImageObject","inLanguage":"de","@id":"https:\/\/www.zimmerei-zwoenitz.de\/#\/schema\/logo\/image\/","url":"https:\/\/www.zimmerei-zwoenitz.de\/wp-content\/uploads\/2026\/01\/cropped-logoSven.png","contentUrl":"https:\/\/www.zimmerei-zwoenitz.de\/wp-content\/uploads\/2026\/01\/cropped-logoSven.png","width":425,"height":250,"caption":"Zimmerei Werner"},"image":{"@id":"https:\/\/www.zimmerei-zwoenitz.de\/#\/schema\/logo\/image\/"}}]}},"_links":{"self":[{"href":"https:\/\/www.zimmerei-zwoenitz.de\/index.php?rest_route=\/wp\/v2\/pages\/2","targetHints":{"allow":["GET"]}}],"collection":[{"href":"https:\/\/www.zimmerei-zwoenitz.de\/index.php?rest_route=\/wp\/v2\/pages"}],"about":[{"href":"https:\/\/www.zimmerei-zwoenitz.de\/index.php?rest_route=\/wp\/v2\/types\/page"}],"author":[{"embeddable":true,"href":"https:\/\/www.zimmerei-zwoenitz.de\/index.php?rest_route=\/wp\/v2\/users\/1"}],"replies":[{"embeddable":true,"href":"https:\/\/www.zimmerei-zwoenitz.de\/index.php?rest_route=%2Fwp%2Fv2%2Fcomments&post=2"}],"version-history":[{"count":2,"href":"https:\/\/www.zimmerei-zwoenitz.de\/index.php?rest_route=\/wp\/v2\/pages\/2\/revisions"}],"predecessor-version":[{"id":27,"href":"https:\/\/www.zimmerei-zwoenitz.de\/index.php?rest_route=\/wp\/v2\/pages\/2\/revisions\/27"}],"wp:attachment":[{"href":"https:\/\/www.zimmerei-zwoenitz.de\/index.php?rest_route=%2Fwp%2Fv2%2Fmedia&parent=2"}],"curies":[{"name":"wp","href":"https:\/\/api.w.org\/{rel}","templated":true}]}}